{"id":1542,"date":"2026-04-21T20:06:09","date_gmt":"2026-04-21T20:06:09","guid":{"rendered":"https:\/\/simfri.dk\/?page_id=1542"},"modified":"2026-04-21T20:27:15","modified_gmt":"2026-04-21T20:27:15","slug":"aktivitetskalender","status":"publish","type":"page","link":"https:\/\/simfri.dk\/index.php\/aktivitetskalender\/","title":{"rendered":"Aktivitetskalender"},"content":{"rendered":"\t\t<div data-elementor-type=\"wp-page\" data-elementor-id=\"1542\" class=\"elementor elementor-1542\" data-elementor-post-type=\"page\">\n\t\t\t\t\t\t<section class=\"elementor-section elementor-top-section elementor-element elementor-element-52ae916c elementor-section-boxed elementor-section-height-default elementor-section-height-default\" data-id=\"52ae916c\" data-element_type=\"section\" data-e-type=\"section\" data-settings=\"{&quot;background_background&quot;:&quot;slideshow&quot;,&quot;background_slideshow_gallery&quot;:[],&quot;background_slideshow_loop&quot;:&quot;yes&quot;,&quot;background_slideshow_slide_duration&quot;:5000,&quot;background_slideshow_slide_transition&quot;:&quot;fade&quot;,&quot;background_slideshow_transition_duration&quot;:500}\">\n\t\t\t\t\t\t<div class=\"elementor-container elementor-column-gap-default\">\n\t\t\t\t\t<div class=\"elementor-column elementor-col-100 elementor-top-column elementor-element elementor-element-ecc0c68\" data-id=\"ecc0c68\" data-element_type=\"column\" data-e-type=\"column\">\n\t\t\t<div class=\"elementor-widget-wrap elementor-element-populated\">\n\t\t\t\t\t\t<div class=\"elementor-element elementor-element-e4ed9a0 elementor-widget elementor-widget-seosight_title\" data-id=\"e4ed9a0\" data-element_type=\"widget\" data-e-type=\"widget\" data-widget_type=\"seosight_title.default\">\n\t\t\t\t<div class=\"elementor-widget-container\">\n\t\t\t\t\t\t\t<header class=\"crumina-module crumina-heading align-left\" >\n\t\t\t\t\t\t<div class=\"title-text-wrap\">\n\t\t    \t<h1 class=\"heading-title\">\n\t\t\t\t\tAktivitetskalender skole\u00e5ret 2025\/26\t\t\t\t<\/h1>\n\t\t\t\t\t\t    <\/div>\n\t\t\t<div class=\"heading-decoration\">\t\t    <span class=\"first\"><\/span><span class=\"second\"><\/span>\n\t\t\t<\/div>\t\t<\/header>\n\t\t\t\t\t\t<\/div>\n\t\t\t\t<\/div>\n\t\t\t\t\t<\/div>\n\t\t<\/div>\n\t\t\t\t\t<\/div>\n\t\t<\/section>\n\t\t<div class=\"elementor-element elementor-element-b47cc9d e-grid e-con-boxed e-con e-parent\" data-id=\"b47cc9d\" data-element_type=\"container\" data-e-type=\"container\">\n\t\t\t\t\t<div class=\"e-con-inner\">\n\t\t\t\t<div class=\"elementor-element elementor-element-87bb242 elementor-widget elementor-widget-image\" data-id=\"87bb242\" data-element_type=\"widget\" data-e-type=\"widget\" data-widget_type=\"image.default\">\n\t\t\t\t\t\t\t\t\t\t\t\t\t\t\t<img fetchpriority=\"high\" decoding=\"async\" width=\"724\" height=\"1024\" src=\"https:\/\/simfri.dk\/wp-content\/uploads\/2026\/04\/AKTIVITETS-KALENDER-202526-2-724x1024.png\" class=\"attachment-large size-large wp-image-1548\" alt=\"\" srcset=\"https:\/\/simfri.dk\/wp-content\/uploads\/2026\/04\/AKTIVITETS-KALENDER-202526-2-724x1024.png 724w, https:\/\/simfri.dk\/wp-content\/uploads\/2026\/04\/AKTIVITETS-KALENDER-202526-2-212x300.png 212w, https:\/\/simfri.dk\/wp-content\/uploads\/2026\/04\/AKTIVITETS-KALENDER-202526-2-768x1086.png 768w, https:\/\/simfri.dk\/wp-content\/uploads\/2026\/04\/AKTIVITETS-KALENDER-202526-2-1086x1536.png 1086w, https:\/\/simfri.dk\/wp-content\/uploads\/2026\/04\/AKTIVITETS-KALENDER-202526-2.png 1414w\" sizes=\"(max-width: 724px) 100vw, 724px\" \/>\t\t\t\t\t\t\t\t\t\t\t\t\t\t\t<\/div>\n\t\t\t\t<div class=\"elementor-element elementor-element-7d70ec5 elementor-widget elementor-widget-image\" data-id=\"7d70ec5\" data-element_type=\"widget\" data-e-type=\"widget\" data-widget_type=\"image.default\">\n\t\t\t\t\t\t\t\t\t\t\t\t\t\t\t<img decoding=\"async\" width=\"724\" height=\"1024\" src=\"https:\/\/simfri.dk\/wp-content\/uploads\/2026\/04\/AKTIVITETS-KALENDER-202526-3-724x1024.png\" class=\"attachment-large size-large wp-image-1550\" alt=\"\" srcset=\"https:\/\/simfri.dk\/wp-content\/uploads\/2026\/04\/AKTIVITETS-KALENDER-202526-3-724x1024.png 724w, https:\/\/simfri.dk\/wp-content\/uploads\/2026\/04\/AKTIVITETS-KALENDER-202526-3-212x300.png 212w, https:\/\/simfri.dk\/wp-content\/uploads\/2026\/04\/AKTIVITETS-KALENDER-202526-3-768x1086.png 768w, https:\/\/simfri.dk\/wp-content\/uploads\/2026\/04\/AKTIVITETS-KALENDER-202526-3-1086x1536.png 1086w, https:\/\/simfri.dk\/wp-content\/uploads\/2026\/04\/AKTIVITETS-KALENDER-202526-3.png 1414w\" sizes=\"(max-width: 724px) 100vw, 724px\" \/>\t\t\t\t\t\t\t\t\t\t\t\t\t\t\t<\/div>\n\t\t\t\t<div class=\"elementor-element elementor-element-06d9832 elementor-widget elementor-widget-image\" data-id=\"06d9832\" data-element_type=\"widget\" data-e-type=\"widget\" data-widget_type=\"image.default\">\n\t\t\t\t\t\t\t\t\t\t\t\t\t\t\t<img decoding=\"async\" width=\"724\" height=\"1024\" src=\"https:\/\/simfri.dk\/wp-content\/uploads\/2026\/04\/AKTIVITETS-KALENDER-202526-4-724x1024.png\" class=\"attachment-large size-large wp-image-1551\" alt=\"\" srcset=\"https:\/\/simfri.dk\/wp-content\/uploads\/2026\/04\/AKTIVITETS-KALENDER-202526-4-724x1024.png 724w, https:\/\/simfri.dk\/wp-content\/uploads\/2026\/04\/AKTIVITETS-KALENDER-202526-4-212x300.png 212w, https:\/\/simfri.dk\/wp-content\/uploads\/2026\/04\/AKTIVITETS-KALENDER-202526-4-768x1086.png 768w, https:\/\/simfri.dk\/wp-content\/uploads\/2026\/04\/AKTIVITETS-KALENDER-202526-4-1086x1536.png 1086w, https:\/\/simfri.dk\/wp-content\/uploads\/2026\/04\/AKTIVITETS-KALENDER-202526-4.png 1414w\" sizes=\"(max-width: 724px) 100vw, 724px\" \/>\t\t\t\t\t\t\t\t\t\t\t\t\t\t\t<\/div>\n\t\t\t\t<div class=\"elementor-element elementor-element-8355062 elementor-widget elementor-widget-image\" data-id=\"8355062\" data-element_type=\"widget\" data-e-type=\"widget\" data-widget_type=\"image.default\">\n\t\t\t\t\t\t\t\t\t\t\t\t\t\t\t<img loading=\"lazy\" decoding=\"async\" width=\"724\" height=\"1024\" src=\"https:\/\/simfri.dk\/wp-content\/uploads\/2026\/04\/AKTIVITETS-KALENDER-202526-5-724x1024.png\" class=\"attachment-large size-large wp-image-1552\" alt=\"\" srcset=\"https:\/\/simfri.dk\/wp-content\/uploads\/2026\/04\/AKTIVITETS-KALENDER-202526-5-724x1024.png 724w, https:\/\/simfri.dk\/wp-content\/uploads\/2026\/04\/AKTIVITETS-KALENDER-202526-5-212x300.png 212w, https:\/\/simfri.dk\/wp-content\/uploads\/2026\/04\/AKTIVITETS-KALENDER-202526-5-768x1086.png 768w, https:\/\/simfri.dk\/wp-content\/uploads\/2026\/04\/AKTIVITETS-KALENDER-202526-5-1086x1536.png 1086w, https:\/\/simfri.dk\/wp-content\/uploads\/2026\/04\/AKTIVITETS-KALENDER-202526-5.png 1414w\" sizes=\"(max-width: 724px) 100vw, 724px\" \/>\t\t\t\t\t\t\t\t\t\t\t\t\t\t\t<\/div>\n\t\t\t\t\t<\/div>\n\t\t\t\t<\/div>\n\t\t\t\t<section class=\"elementor-section elementor-top-section elementor-element elementor-element-2e7f309 elementor-section-boxed elementor-section-height-default elementor-section-height-default\" data-id=\"2e7f309\" data-element_type=\"section\" data-e-type=\"section\" data-settings=\"{&quot;background_background&quot;:&quot;classic&quot;}\">\n\t\t\t\t\t\t<div class=\"elementor-container elementor-column-gap-default\">\n\t\t\t\t\t<div class=\"elementor-column elementor-col-50 elementor-top-column elementor-element elementor-element-58edb70\" data-id=\"58edb70\" data-element_type=\"column\" data-e-type=\"column\">\n\t\t\t<div class=\"elementor-widget-wrap elementor-element-populated\">\n\t\t\t\t\t\t<div class=\"elementor-element elementor-element-0ed47af elementor-widget elementor-widget-heading\" data-id=\"0ed47af\" data-element_type=\"widget\" data-e-type=\"widget\" data-widget_type=\"heading.default\">\n\t\t\t\t\t<span class=\"elementor-heading-title elementor-size-default\">Masser af fede aktiviteter, oplevelser og f\u00e6llesskab hele \u00e5ret p\u00e5 SimFri<\/span>\t\t\t\t<\/div>\n\t\t\t\t\t<\/div>\n\t\t<\/div>\n\t\t\t\t<div class=\"elementor-column elementor-col-50 elementor-top-column elementor-element elementor-element-ee86fff\" data-id=\"ee86fff\" data-element_type=\"column\" data-e-type=\"column\">\n\t\t\t<div class=\"elementor-widget-wrap elementor-element-populated\">\n\t\t\t\t\t\t<div class=\"elementor-element elementor-element-e199269 elementor-widget elementor-widget-image\" data-id=\"e199269\" data-element_type=\"widget\" data-e-type=\"widget\" data-widget_type=\"image.default\">\n\t\t\t\t\t\t\t\t\t\t\t\t\t\t\t<img loading=\"lazy\" decoding=\"async\" width=\"292\" height=\"292\" src=\"https:\/\/simfri.dk\/wp-content\/uploads\/2020\/11\/arrow.png\" class=\"attachment-large size-large wp-image-169\" alt=\"\" srcset=\"https:\/\/simfri.dk\/wp-content\/uploads\/2020\/11\/arrow.png 292w, https:\/\/simfri.dk\/wp-content\/uploads\/2020\/11\/arrow-150x150.png 150w\" sizes=\"(max-width: 292px) 100vw, 292px\" \/>\t\t\t\t\t\t\t\t\t\t\t\t\t\t\t<\/div>\n\t\t\t\t\t<\/div>\n\t\t<\/div>\n\t\t\t\t\t<\/div>\n\t\t<\/section>\n\t\t\t\t<\/div>\n\t\t","protected":false},"excerpt":{"rendered":"<p>Aktivitetskalender skole\u00e5ret 2025\/26 Masser af fede aktiviteter, oplevelser og f\u00e6llesskab hele \u00e5ret p\u00e5 SimFri<\/p>\n<\/p><div class=\"more-link\"><a href=\"https:\/\/simfri.dk\/index.php\/aktivitetskalender\/\" class=\"btn btn-small btn--dark btn-hover-shadow\"><span class=\"text\">Continue Reading<\/span><i class=\"seoicon-right-arrow\"><\/i><\/a><\/div>","protected":false},"author":1,"featured_media":0,"parent":0,"menu_order":10,"comment_status":"closed","ping_status":"closed","template":"","meta":{"footnotes":""},"class_list":["post-1542","page","type-page","status-publish","hentry"],"_links":{"self":[{"href":"https:\/\/simfri.dk\/index.php\/wp-json\/wp\/v2\/pages\/1542","targetHints":{"allow":["GET"]}}],"collection":[{"href":"https:\/\/simfri.dk\/index.php\/wp-json\/wp\/v2\/pages"}],"about":[{"href":"https:\/\/simfri.dk\/index.php\/wp-json\/wp\/v2\/types\/page"}],"author":[{"embeddable":true,"href":"https:\/\/simfri.dk\/index.php\/wp-json\/wp\/v2\/users\/1"}],"replies":[{"embeddable":true,"href":"https:\/\/simfri.dk\/index.php\/wp-json\/wp\/v2\/comments?post=1542"}],"version-history":[{"count":4,"href":"https:\/\/simfri.dk\/index.php\/wp-json\/wp\/v2\/pages\/1542\/revisions"}],"predecessor-version":[{"id":1555,"href":"https:\/\/simfri.dk\/index.php\/wp-json\/wp\/v2\/pages\/1542\/revisions\/1555"}],"wp:attachment":[{"href":"https:\/\/simfri.dk\/index.php\/wp-json\/wp\/v2\/media?parent=1542"}],"curies":[{"name":"wp","href":"https:\/\/api.w.org\/{rel}","templated":true}]}}