{"id":1259,"date":"2026-04-18T19:17:05","date_gmt":"2026-04-18T19:17:05","guid":{"rendered":"https:\/\/simfri.dk\/?page_id=1259"},"modified":"2026-05-05T15:11:33","modified_gmt":"2026-05-05T15:11:33","slug":"fodboldlinjen","status":"publish","type":"page","link":"https:\/\/simfri.dk\/index.php\/fodboldlinjen\/","title":{"rendered":"Fodboldlinjen"},"content":{"rendered":"\t\t<div data-elementor-type=\"wp-page\" data-elementor-id=\"1259\" class=\"elementor elementor-1259\" data-elementor-post-type=\"page\">\n\t\t\t\t\t\t<section class=\"elementor-section elementor-top-section elementor-element elementor-element-52ae916c elementor-section-boxed elementor-section-height-default elementor-section-height-default\" data-id=\"52ae916c\" data-element_type=\"section\" data-e-type=\"section\">\n\t\t\t\t\t\t<div class=\"elementor-container elementor-column-gap-default\">\n\t\t\t\t\t<div class=\"elementor-column elementor-col-100 elementor-top-column elementor-element elementor-element-ecc0c68\" data-id=\"ecc0c68\" data-element_type=\"column\" data-e-type=\"column\">\n\t\t\t<div class=\"elementor-widget-wrap elementor-element-populated\">\n\t\t\t\t\t\t<div class=\"elementor-element elementor-element-e4ed9a0 elementor-widget elementor-widget-seosight_title\" data-id=\"e4ed9a0\" data-element_type=\"widget\" data-e-type=\"widget\" data-widget_type=\"seosight_title.default\">\n\t\t\t\t<div class=\"elementor-widget-container\">\n\t\t\t\t\t\t\t<header class=\"crumina-module crumina-heading align-left\" >\n\t\t\t\t\t\t<div class=\"title-text-wrap\">\n\t\t    \t<h1 class=\"heading-title\">\n\t\t\t\t\tFodboldlinjen \t\t\t\t<\/h1>\n\t\t\t\t\t\t    <\/div>\n\t\t\t<div class=\"heading-decoration\">\t\t    <span class=\"first\"><\/span><span class=\"second\"><\/span>\n\t\t\t<\/div>\t\t        <div class=\"h5 heading-text\">Udvikling af fodboldglade drenge og piger igennem et seri\u00f8st og m\u00e5lrettet tr\u00e6nings setup <\/div>\n\t\t\t\t\t<\/header>\n\t\t\t\t\t\t<\/div>\n\t\t\t\t<\/div>\n\t\t\t\t\t<\/div>\n\t\t<\/div>\n\t\t\t\t\t<\/div>\n\t\t<\/section>\n\t\t<div class=\"elementor-element elementor-element-89fafc1 e-flex e-con-boxed e-con e-parent\" data-id=\"89fafc1\" data-element_type=\"container\" data-e-type=\"container\">\n\t\t\t\t\t<div class=\"e-con-inner\">\n\t\t\t\t<div class=\"elementor-element elementor-element-8c16ece elementor--h-position-center elementor--v-position-middle elementor-arrows-position-inside elementor-pagination-position-inside elementor-widget elementor-widget-slides\" data-id=\"8c16ece\" data-element_type=\"widget\" data-e-type=\"widget\" data-settings=\"{&quot;navigation&quot;:&quot;both&quot;,&quot;autoplay&quot;:&quot;yes&quot;,&quot;pause_on_hover&quot;:&quot;yes&quot;,&quot;pause_on_interaction&quot;:&quot;yes&quot;,&quot;autoplay_speed&quot;:5000,&quot;infinite&quot;:&quot;yes&quot;,&quot;transition&quot;:&quot;slide&quot;,&quot;transition_speed&quot;:500}\" data-widget_type=\"slides.default\">\n\t\t\t\t\t\t\t\t\t\t<div class=\"elementor-slides-wrapper elementor-main-swiper swiper\" role=\"region\" aria-roledescription=\"carousel\" aria-label=\"\" dir=\"ltr\" data-animation=\"fadeInUp\">\n\t\t\t\t<div class=\"swiper-wrapper elementor-slides\">\n\t\t\t\t\t\t\t\t\t\t<div class=\"elementor-repeater-item-0404c36 swiper-slide\" role=\"group\" aria-roledescription=\"slide\"><div class=\"swiper-slide-bg\" role=\"img\" aria-label=\"Fodboldspiller (002)\"><\/div><div class=\"swiper-slide-inner\" ><div class=\"swiper-slide-contents\"><\/div><\/div><\/div>\t\t\t\t<\/div>\n\t\t\t\t\t\t\t<\/div>\n\t\t\t\t\t\t\t\t<\/div>\n\t\t\t\t\t<\/div>\n\t\t\t\t<\/div>\n\t\t\t\t<section class=\"elementor-section elementor-top-section elementor-element elementor-element-3611387 elementor-section-boxed elementor-section-height-default elementor-section-height-default\" data-id=\"3611387\" data-element_type=\"section\" data-e-type=\"section\">\n\t\t\t\t\t\t<div class=\"elementor-container elementor-column-gap-default\">\n\t\t\t\t\t<div class=\"elementor-column elementor-col-50 elementor-top-column elementor-element elementor-element-08ff3db\" data-id=\"08ff3db\" data-element_type=\"column\" data-e-type=\"column\">\n\t\t\t<div class=\"elementor-widget-wrap elementor-element-populated\">\n\t\t\t\t\t\t<div class=\"elementor-element elementor-element-962b2b7 elementor-widget elementor-widget-text-editor\" data-id=\"962b2b7\" data-element_type=\"widget\" data-e-type=\"widget\" data-widget_type=\"text-editor.default\">\n\t\t\t\t\t\t\t\t\t<p>Vores vision og mission med vores fodboldlinje er at give fodboldglade drenge og piger muligheden for at udvikle deres talent samt dygtigg\u00f8re sig individuelt.<\/p><p>Brian Pedersen der tidligere har v\u00e6ret tilknyttet pige akademiet i Haderslev samt har en lang \u00e5rr\u00e6kke som tr\u00e6ner bag sig, vil i samarbejde med en tr\u00e6ner fra S\u00f8nderjyskE B\u00f8rne Akademi s\u00e6tte godt gang i bold og ben p\u00e5 fodboldbanen.<\/p><p>Der vil ved opstart blive lavet indiviuelle m\u00e5ls\u00e6tninger for den enkelte spiller og arbejdet med stort fokus p\u00e5 teknikken igennem tr\u00e6ningen. M\u00e5ls\u00e6tningen er at v\u00e6re 2 tr\u00e6nere til stede, s\u00e5ledes man kan n\u00e5 i dybden med den enkelte spiller.<\/p><p>Det skal kunne m\u00e6rkes for den enkelte og ude i klubben at tr\u00e6ningen g\u00f8r en forskel.\u00a0\u00a0<\/p>\t\t\t\t\t\t\t\t<\/div>\n\t\t\t\t\t<\/div>\n\t\t<\/div>\n\t\t\t\t<div class=\"elementor-column elementor-col-50 elementor-top-column elementor-element elementor-element-228c043\" data-id=\"228c043\" data-element_type=\"column\" data-e-type=\"column\">\n\t\t\t<div class=\"elementor-widget-wrap elementor-element-populated\">\n\t\t\t\t\t\t<div class=\"elementor-element elementor-element-f0e5848 elementor-widget elementor-widget-text-editor\" data-id=\"f0e5848\" data-element_type=\"widget\" data-e-type=\"widget\" data-widget_type=\"text-editor.default\">\n\t\t\t\t\t\t\t\t\t<p>Tr\u00e6ningen kommer til at foreg\u00e5 p\u00e5 kunstbanen i Hammelev hvor der er tilst\u00f8dende badefaciliteter tilknyttet.<\/p><p>SimFri bussen afhenter spillerne efter endt tr\u00e6ning, hvor de k\u00f8res i samlet flok til skolen og til f\u00e6lles morgenmad med klassekammeraterne.<\/p><p>Udover de 2 morgentr\u00e6ninger, er der en motorik og styrketr\u00e6ning p\u00e5 ugens skoleskema, yoga om onsdagen og den obligatoriske idr\u00e6tsundervisning.<\/p><p>Der er derudover en fuld kostpakke med inklusiv, hvor der tages h\u00f8jde for sultne sportsfolk.<\/p>\t\t\t\t\t\t\t\t<\/div>\n\t\t\t\t\t<\/div>\n\t\t<\/div>\n\t\t\t\t\t<\/div>\n\t\t<\/section>\n\t\t<div class=\"elementor-element elementor-element-c51aa9a e-flex e-con-boxed e-con e-parent\" data-id=\"c51aa9a\" data-element_type=\"container\" data-e-type=\"container\">\n\t\t\t\t\t<div class=\"e-con-inner\">\n\t\t\t\t<div class=\"elementor-element elementor-element-d45be66 elementor-widget elementor-widget-spacer\" data-id=\"d45be66\" data-element_type=\"widget\" data-e-type=\"widget\" data-widget_type=\"spacer.default\">\n\t\t\t\t\t\t\t<div class=\"elementor-spacer\">\n\t\t\t<div class=\"elementor-spacer-inner\"><\/div>\n\t\t<\/div>\n\t\t\t\t\t\t<\/div>\n\t\t\t\t\t<\/div>\n\t\t\t\t<\/div>\n\t\t<div class=\"elementor-element elementor-element-ba954e0 e-grid e-con-boxed e-con e-parent\" data-id=\"ba954e0\" data-element_type=\"container\" data-e-type=\"container\">\n\t\t\t\t\t<div class=\"e-con-inner\">\n\t\t\t\t<div class=\"elementor-element elementor-element-deaf8ad elementor-widget elementor-widget-image\" data-id=\"deaf8ad\" data-element_type=\"widget\" data-e-type=\"widget\" data-widget_type=\"image.default\">\n\t\t\t\t\t\t\t\t\t\t\t\t\t\t\t<img fetchpriority=\"high\" decoding=\"async\" width=\"300\" height=\"300\" src=\"https:\/\/simfri.dk\/wp-content\/uploads\/2026\/04\/Skolemad-002-300x300.png\" class=\"attachment-medium size-medium wp-image-935\" alt=\"\" srcset=\"https:\/\/simfri.dk\/wp-content\/uploads\/2026\/04\/Skolemad-002-300x300.png 300w, https:\/\/simfri.dk\/wp-content\/uploads\/2026\/04\/Skolemad-002-1024x1024.png 1024w, https:\/\/simfri.dk\/wp-content\/uploads\/2026\/04\/Skolemad-002-150x150.png 150w, https:\/\/simfri.dk\/wp-content\/uploads\/2026\/04\/Skolemad-002-768x768.png 768w, https:\/\/simfri.dk\/wp-content\/uploads\/2026\/04\/Skolemad-002-1536x1536.png 1536w, https:\/\/simfri.dk\/wp-content\/uploads\/2026\/04\/Skolemad-002-2048x2048.png 2048w, https:\/\/simfri.dk\/wp-content\/uploads\/2026\/04\/Skolemad-002-230x230.png 230w, https:\/\/simfri.dk\/wp-content\/uploads\/2026\/04\/Skolemad-002-380x380.png 380w\" sizes=\"(max-width: 300px) 100vw, 300px\" \/>\t\t\t\t\t\t\t\t\t\t\t\t\t\t\t<\/div>\n\t\t\t\t<div class=\"elementor-element elementor-element-460d974 elementor-widget elementor-widget-text-editor\" data-id=\"460d974\" data-element_type=\"widget\" data-e-type=\"widget\" data-widget_type=\"text-editor.default\">\n\t\t\t\t\t\t\t\t\t<p>Vi er enormt stolte af at kunne tilbyde sund og varieret kost hos os hele dagen.<\/p><p>Vores egen kok Rikke s\u00f8rger for at der om formiddagen er hjemmebagt br\u00f8d og frisksk\u00e5ret \u00f8kologisk frugt og gr\u00f8nt til alle klasser.<\/p><p>Fra kl. 11.15 m\u00f8des vi alle i vores spisesal og spiser et dejligt frokostm\u00e5ltid i f\u00e6llesskab.<\/p><p>Der sendes hver uge en menu ud for ugens retter.<\/p><p>Skolemaden er en del af den nationale fors\u00f8gsordning som l\u00f8ber indtil 2029.\u00a0<\/p><p>Skolemaden er allerede en stor succes hos os, hvor gr\u00e6nser flyttes og f\u00e6llesskab og sunde vaner dyrkes\u00a0\u00a0<\/p>\t\t\t\t\t\t\t\t<\/div>\n\t\t\t\t\t<\/div>\n\t\t\t\t<\/div>\n\t\t\t\t<\/div>\n\t\t","protected":false},"excerpt":{"rendered":"<p>Fodboldlinjen Udvikling af fodboldglade drenge og piger igennem et seri\u00f8st og m\u00e5lrettet tr\u00e6nings setup Vores vision og mission med vores fodboldlinje er at give fodboldglade drenge og piger muligheden for at udvikle deres talent samt dygtigg\u00f8re sig individuelt. Brian Pedersen der tidligere har v\u00e6ret tilknyttet pige akademiet i Haderslev samt har en lang \u00e5rr\u00e6kke som [&hellip;]<\/p>\n<\/p><div class=\"more-link\"><a href=\"https:\/\/simfri.dk\/index.php\/fodboldlinjen\/\" class=\"btn btn-small btn--dark btn-hover-shadow\"><span class=\"text\">Continue Reading<\/span><i class=\"seoicon-right-arrow\"><\/i><\/a><\/div>","protected":false},"author":1,"featured_media":0,"parent":0,"menu_order":10,"comment_status":"closed","ping_status":"closed","template":"","meta":{"footnotes":""},"class_list":["post-1259","page","type-page","status-publish","hentry"],"_links":{"self":[{"href":"https:\/\/simfri.dk\/index.php\/wp-json\/wp\/v2\/pages\/1259","targetHints":{"allow":["GET"]}}],"collection":[{"href":"https:\/\/simfri.dk\/index.php\/wp-json\/wp\/v2\/pages"}],"about":[{"href":"https:\/\/simfri.dk\/index.php\/wp-json\/wp\/v2\/types\/page"}],"author":[{"embeddable":true,"href":"https:\/\/simfri.dk\/index.php\/wp-json\/wp\/v2\/users\/1"}],"replies":[{"embeddable":true,"href":"https:\/\/simfri.dk\/index.php\/wp-json\/wp\/v2\/comments?post=1259"}],"version-history":[{"count":22,"href":"https:\/\/simfri.dk\/index.php\/wp-json\/wp\/v2\/pages\/1259\/revisions"}],"predecessor-version":[{"id":1876,"href":"https:\/\/simfri.dk\/index.php\/wp-json\/wp\/v2\/pages\/1259\/revisions\/1876"}],"wp:attachment":[{"href":"https:\/\/simfri.dk\/index.php\/wp-json\/wp\/v2\/media?parent=1259"}],"curies":[{"name":"wp","href":"https:\/\/api.w.org\/{rel}","templated":true}]}}